culate -2 - ((5 - 12) + (9 - 1)).
-3
Evaluate -6 + (5 - -1 - (115 - 110)) + 12.
7
What is (-1 - 5) + 1 - (53 + -40 - 8)?
-10
What is the value of -1 + 1 - 0 - (0 - 44 - -36)?
8
Calculate 11 + (-7 + -1 - (108 + -105)) - 19.
-19
Calculate 7 + (-3 - 7) + 1 + 19 + -43.
-26
13 - (7 - -10 - 2) - -16
14
What is the value of -1 + -8 + -145 + 169 + -7?
8
6 - (9 + 1 - 16)
12
Calculate (4 - 3 - (-14 + 13)) + 11.
13
-1 + -6 + (-5 - (4 - (14 + -6)))
-8
What is the value of (0 - -4) + 82 + -103 - -35?
18
What is (8 - -24) + (-12 - (-19 - -8))?
31
Evaluate -2 - 13 - (0 - (-4 + (-3 - -6))).
-16
(13 - 1) + 4 + (12 - 19)
9
Calculate (52 + -28 - 5) + 1.
20
Evaluate (23 - 46) + 26 + -13.
-10
Evaluate ((-9 - -1) + -4 - -10) + (-10 - -2).
-10
0 + -7 - (-73 - -69)
-3
Evaluate -4 - (-6 - (-6 + 5)) - (4 + 5).
-8
What is 22 + -6 + -25 + 13?
4
What is (-2 - (-49 + 11 + 28)) + (-19 - 1)?
-12
(28 + -43 - (-1 + -24)) + 4
14
Evaluate 2 - 0 - 0 - (199 + -99 - 61).
-37
What is -21 + (-22 - -23) + 18?
-2
What is the value of (-97 - (-84 + -1)) + (-1 - 16)?
-29
(-8 - (-9 + 9 + 0 + -3)) + -11
-16
What is 22 + (-16 - -1) + 8 + -18?
-3
What is the value of 11 - 0 - (-28 - -40)?
-1
Calculate 15 - (10 - (13 - 0 - 6)).
12
Calculate (-32 - (-20 + -3)) + (-13 - -1).
-21
2 + (1 + 6 + -8 + 8 - 1)
8
11 + (7 - (11 + -7 - -1)) + -2
11
Calculate -98 + 98 - (-2 - 9).
11
Evaluate -9 + (-7 - -23 - 8 - 4).
-5
What is the value of (11 - -2) + -9 + (-15 - -2)?
-9
What is the value of 10 + (11 - 10 - (-21 - -8))?
24
What is the value of -18 - -11 - ((-2 - -2) + (0 - 4))?
-3
What is the value of (2 - 1 - (83 + -91)) + -26 + -2?
-19
Calculate (-2 - -12) + 16 + (-33 - 6).
-13
4 - (-18 + 27 + -9)
4
What is -6 + 3 + 0 + 8 + 6?
11
What is the value of 301 + -303 - (2 + -28)?
24
-10 + -7 - (4 - 7 - (-2 - 1))
-17
Evaluate (-30 - -1) + 32 - 7.
-4
Evaluate -5 + 3 - (-1 - (3 - (5 - 6))).
3
Evaluate 25 + -64 + 0 + 9 + 2.
-28
-5 - (-3 - 0 - (-2 + -9 + 7))
-6
Evaluate (-1 - -11) + (-8 - 6) + -3.
-7
Calculate (20 - 54) + 25 - (-4 - 1).
-4
Evaluate (-9 + 7 - 5) + (22 - 26).
-11
What is the value of (-1 - -2 - 3 - -7) + (394 - 383)?
16
What is 0 + 7 + (-68 - -59) + 1 + -15?
-16
What is the value of 20 + (-7 - -5) + 6 + -8?
16
2 + 1 + (-48 - -9) + 9 + 13
-14
What is 9 - 1 - (4 + 12 + -8)?
0
(4 + 0 - -1) + (5 - 43) + 41
8
-30 + (24 + 0 - 7)
-13
What is -8 + (3 + -21 + 2 - (-11 - -8))?
-21
What is the value of (-13 - -30) + (10 - 33)?
-6
What is the value of -13 + (-11 - -12 - 5)?
-17
What is the value of (0 - (-3 + 2)) + 4 + -6 + 0?
-1
55 + -47 + -8 + 3
3
What is the value of -111 + 110 + (6 - -1) + -1?
5
What is -1 + 9 + -6 + -2 + (1 - -3)?
4
-1 + (3 - 3) + 2 + (-41 - -31)
-9
Calculate 23 + -28 + (33 - 16).
12
Evaluate (-9 - (1 - 9)) + 5 + -3 + 4.
5
Calculate (-4 - -14) + -13 + (4 - -3).
4
Calculate 8 - (-24 - (-49 + 0)).
-17
What is the value of -36 - (-5 - (21 + (-10 - 3)))?
-23
-23 + -24 + (-1 - -30)
-18
Calculate (-1 - 5) + (2 - -20) + (20 - 19).
17
Evaluate -300 + 335 - (26 - 3).
12
Calculate (3 - (12 + (0 - -3))) + (67 - 62).
-7
What is -11 - (-1 - -18) - (0 + 4 + -10)?
-22
Calculate 8 - (12 - 0) - -3.
-1
-5 + -3 + 2 + 0 + 6
0
Calculate 5 + (-11 - (-7 + -2)) + -11.
-8
8 + (-8 - (6 - (10 - (-8 - -5))))
7
What is the value of 5 + ((1 - 7) + 1 - -5) + -7?
-2
What is (44 - (-47 + 42)) + -42?
7
Evaluate (-487 - -494) + (1 + 0 - 1).
7
Evaluate 0 + 7 + -2 + -17 + 3.
-9
What is -17 - (-1 + 2 - (23 - (5 + 16)))?
-16
What is the value of -24 + (7 + -5 - -12)?
-10
What is -13 - ((2 - -5) + -32 + -10)?
22
Evaluate 7 - 6 - -3 - (-4 + -6).
14
What is the value of -11 + (-3 - -14) + (-3 - -2) - 19?
-20
What is 0 + 9 - ((-11 - -27) + (-14 - -4))?
3
Evaluate -4 - (5 + 1 + (-71 - -73) + 14).
-26
Evaluate (15 - 28 - (11 + -25)) + -3.
-2
Calculate 10 + -11 + 22 + -12 - -2.
11
What is (17 - 7) + 4 + -22?
-8
What is (19 - -1) + -85 + 80?
15
Evaluate 5 - (35 + -48 + 22).
-4
Evaluate (1 - (-1 - -3)) + (-9 - -6 - 6).
-10
What is -10 - -9 - -20 - 11?
8
What is the value of -3 + (7 - -2) + 2 + -7 + 1?
2
What is the value of -20 + 41 + (2 - -2)?
25
Evaluate -22 + -5 + 27 + -7 + (2 - 0).
-5
What is -13 + 19 + -6 + 3?
3
(-2 - 2 - 2) + 1 + 5 + 1
1
What is -15 + 37 + -35 + -5?
-18
Evaluate 4 - (-12 + 4 - (4 + (-13 - 0))).
3
Calculate (6 - (-5 + 9) - 0) + 21 - 1.
22
Calculate (1 - 2) + 16 + -19 + 2 + -7.
-9
-14 + 14 - -4 - (2 - 2 - 1)
5
0 - -12 - (-6 + -2 - -16)
4
Evaluate 14 - (24 - (7 - -5)).
2
Calculate -16 - (-15 - (-4 - (7 + -5))).
-7
What is (-37 - (-15 + -10)) + 22?
10
Calculate 23 - ((-8 - -4) + 0) - (69 - 65).
23
What is the value of 3 + -2 + 6 + 11 + (-3 - 1)?
14
Calculate (1 + 4 + -13 + 7 - -10) + -1.
8
Evaluate 2 + -4 + -2 - (-8 + 11 + 5).
-12
Evaluate -24 + (-4 - (0 + -2)) + 10.
-16
Evaluate (-14 - (17 + -12) - -21) + -26.
-24
(-2 - -5) + (-43 - (2 - 20))
-22
(-2 - 27) + 65 + -18
18
Calculate -24 + -1 - (-1 + -16).
-8
What is the value of 2 + (1 - 3) - (159 + -178)?
19
Evaluate 13 + -3 + 17 + -19.
8
Calculate -6 - ((5 - -1) + (8 - 13)).
-7
Evaluate 14 - (4 - (7 + 7)).
24
Evaluate 1 - (6 - -11 - 1).
-15
-6 - (5 - -4 - -1 - 16)
0
Evaluate -9 + (-12 - -1) + -24 + 33 - -42.
31
What is the value of -3 - 2 - (-3 + -2 + 13)?
-13
Calculate (-9 - 2) + 25 - 17.
-3
Calculate -17 + (3 - 5) - (0 + -7) - -2.
-10
Evaluate 10 - -1 - (-3 - (-21 - -21)).
14
Evaluate (24 - 10) + -14 - 15.
-15
What is -12 + 0 + 25 + -10?
3
Calculate 5 - ((-2 - (7 - 9)) + -1 + -18).
24
6 + -1 - (22 + -13 + 3) - -16
9
What is 2 + (-14 - (-1 - -5)) - (58 + -56)?
-18
(-2 + -5 - (22 + -7 + -44)) + -6
16
What is -23 - (2 + (21 - 45))?
-1
What is the value of -11 - (-25 - (10 + -17)) - (-8 + 1)?
14
10 - (9 + (20 - 21))
2
What is -10 - ((15 - (-10 + 20)) + 3)?
-18
Calculate 170 + -203 + (4 - -6).
-23
What is the value of 3 + -2 - (-14 - (-3 + -7 + 6))?
11
Calculate 1 + -25 - (15 + -12 - 10) - 2.
-19
-759 - -781 - (11 - -1)
10
Evaluate -56 - -38 - -29 - (-6 + 0).
17
-10 - -16 - 35 - -29
0
What is the value of -96 - -102 - (0 - (-1 - 7))?
-2
What is the value of -18 + (-15 - (-32 - 9))?
8
What is the value of -26 - -1 - (8 - 18)?
-15
Calculate 14 - (-2 + 0 - -20 - -7).
-11
76 - 90 - (-1 - 31) - 17
1
Evaluate (6 - 20) + 37 + -23.
0
-4 - (6 - ((0 - 7) + 11))
-6
Calculate (-8 - -21) + (-13 - (13 - 32)).
19
Calculate (-7 - (0 + -17)) + (0 - 7) + 11.
14
What is the value of -3 + -10 - (9 + -15)?
-7
Calculate -13 + -1 + 13 + 15.
14
What is -22 - -47 - 28 - 17?
-20
What is the value of (-23 - -14 - 13) + (2 - -6)?
-14
Calculate 5 + -2 + (-3 + -7 - (-26 - -1)).
18
5 + -6 + 0 + 10 + -84 + 78
3
What is the value of (5 - (-8 + 16 - 10)) + 8?
15
Evaluate -8 - -12 - (11 + -21).
14
Evaluate -8 + 1 + (-280 - -264).
-23
Evaluate (0 - -1) + -47 + (72 - 38).
-12
0 - -22 - (1334 - 1318)
6
What is 17 + 1 + (-3 - (7 - 1))?
9
What is the value of 4 + (5 - 7 - -11) + 4?
17
What is the value of (3 - (15 + -13 + 4)) + -18?
-21
Calculate (-25 - -1) + -2 - -14.
-12
(28 - 9) + -20 + 3 + (-3 - 26)
-27
5 + (-6 - -3 - -9 - 2) + -1
8
What is 14 + -7 + -6 - 13 - (-1 + -1)?
-10
What is 1 + 15 + (-23 - -17)?
10
Evaluate (1 - -8) + -6 + (-18 - -3).
-12
Calculate -3 - (10 + (-10 - -8) - (1 + 4)).
-6
Evaluate 32 + (-12 - 6 - (-6 + 0)).
20
Calculate (3 - (-4 + 8 - -12)) + 46.
33
What is the value of 15 + (10 - 11) - (0 - (0 - -3))?
17
What is the value of 15 - (46 + -44) - (-1 + 1 + 1)?
12
Calculate -11 + 23 + (12 - 5 - 8) + -7.
4
Evaluate -10 + 11 + 21 - 17.
5
Evaluate -7 - (-2 + 8 - 5).
-8
Evaluate -2 - (-14 - (9 - 7)).
14
What is the value of 23 - -1 - (47 + -39) - 10 - -3?
9
Evaluate -1443 - -1470 - (2 + 1 + -3 + 3).
24
31 + -8 - (0 - -7) - (3 - 1)
14
What is (120 - 98) + (5 - (2 - 5)) + 5?
35
What is the value of 7 - (8 + (4 - (14 + -5)))?
4
What is 4 + 2 - 2 - 34 - (47 - 48)?
-29
What is the value of (11 - (8 + 15)) + 29?
17
Calculate ((13 - 3) + -15 - -7 - -7) + -25.
-16
Calculate 0 + -12 - (-678 + 668).
-2
Evaluate 5 + (-6 - ((24 - 9) + -11)).
-5
Calculate ((2 - 4) + 8 - -1) + (13 - 13).
7
What is the value of -26 - -67 - 67 - 5?
-31
0 - (16 + (-13 - -9))
-12
Calculate 1 + 3 + (-3 - -2 - (7 + -3)).
-1
-6 + (6 - 9 - 12) + 40
19
What is the value of (3 - -37) + (222 - 241)?
21
1 - (-6 - (-7 + (1 - 8 - -8)))
1
What is the value of -4 - -30 - 18 - 1?
7
2 - (-1 - (-12 - -3)) - (-1 - 4)
-1
What is the value